{"id":677,"date":"2021-11-11T10:36:44","date_gmt":"2021-11-11T09:36:44","guid":{"rendered":"https:\/\/brezopublicidad.com\/?page_id=677"},"modified":"2021-11-11T10:47:50","modified_gmt":"2021-11-11T09:47:50","slug":"maquetas-y-figuras-artesanales","status":"publish","type":"page","link":"https:\/\/brezopublicidad.com\/index.php\/maquetas-y-figuras-artesanales\/","title":{"rendered":"MAQUETAS Y FIGURAS ARTESANALES"},"content":{"rendered":"<section class=\"wpb-content-wrapper\"><p>[vc_row css_animation=\u00bb\u00bb row_type=\u00bbrow\u00bb use_row_as_full_screen_section=\u00bbno\u00bb type=\u00bbfull_width\u00bb angled_section=\u00bbno\u00bb text_align=\u00bbleft\u00bb background_image_as_pattern=\u00bbwithout_pattern\u00bb css=\u00bb.vc_custom_1562587534908{padding-top: 10px !important;padding-bottom: 30px !important;}\u00bb z_index=\u00bb\u00bb][vc_column][vc_column_text]<\/p>\n<h1 style=\"color: #016644; text-align: center;\">MAQUETAS Y FIGURAS ARTESANALES<\/h1>\n<p>[\/vc_column_text][vc_column_text el_class=\u00bb.textabout\u00bb]<\/p>\n<p class=\"textabout\">Avanzando para mejorar los servicios a nuestros Clientes, publicamos el estudio y trabajo realizado en estos tres videos de maquetas, entre otras realizadas para la exposici\u00f3n. \u00abConoce nuestros Barrios \u00ab<br \/>\nLas maquetas publicadas son las m\u00e1s representativas de nuestras tradiciones e historia.<br \/>\nEn ellas ver\u00e1n:<br \/>\n&#8211; Una r\u00e9plica casa cueva, d\u00f3nde viv\u00edan nuestros antepasados, con los utensilios, mobiliario y resto de servicios.<br \/>\n&#8211; Una r\u00e9plica de un terreno agr\u00edcola, t\u00edpico de nuestro paisaje.<br \/>\n&#8211; Una r\u00e9plica de una galer\u00eda, por ser el principal motor de desarrollo econ\u00f3mico agr\u00edcola y resto de sectores para una mejor calidad de vida de los tinerfe\u00f1os.<br \/>\nAdem\u00e1s ver\u00e1 fotos de elementos y figuras realizados para una casa, un bel\u00e9n, adem\u00e1s de la representaci\u00f3n de nuestras tradiciones, la danza de cinta, balcones&#8230;..<\/p>\n<p>[\/vc_column_text][\/vc_column][\/vc_row][vc_row css_animation=\u00bb\u00bb row_type=\u00bbrow\u00bb use_row_as_full_screen_section=\u00bbno\u00bb type=\u00bbfull_width\u00bb angled_section=\u00bbno\u00bb text_align=\u00bbleft\u00bb background_image_as_pattern=\u00bbwithout_pattern\u00bb][vc_column width=\u00bb1\/2&#8243;][vc_single_image image=\u00bb680&#8243; img_size=\u00bblarge\u00bb alignment=\u00bbcenter\u00bb qode_css_animation=\u00bb\u00bb css=\u00bb.vc_custom_1636623909724{margin-bottom: 20px !important;}\u00bb][\/vc_column][vc_column width=\u00bb1\/2&#8243;][vc_single_image image=\u00bb674&#8243; img_size=\u00bblarge\u00bb alignment=\u00bbcenter\u00bb qode_css_animation=\u00bb\u00bb css=\u00bb.vc_custom_1636623760720{margin-bottom: 15px !important;}\u00bb][\/vc_column][\/vc_row][vc_row css_animation=\u00bb\u00bb row_type=\u00bbrow\u00bb use_row_as_full_screen_section=\u00bbno\u00bb type=\u00bbfull_width\u00bb angled_section=\u00bbno\u00bb text_align=\u00bbleft\u00bb background_image_as_pattern=\u00bbwithout_pattern\u00bb][vc_column width=\u00bb1\/2&#8243;][vc_single_image image=\u00bb682&#8243; img_size=\u00bblarge\u00bb alignment=\u00bbcenter\u00bb qode_css_animation=\u00bb\u00bb css=\u00bb.vc_custom_1636623964516{margin-bottom: 20px !important;}\u00bb][\/vc_column][vc_column width=\u00bb1\/2&#8243;][vc_single_image image=\u00bb683&#8243; img_size=\u00bblarge\u00bb alignment=\u00bbcenter\u00bb qode_css_animation=\u00bb\u00bb css=\u00bb.vc_custom_1636624039783{margin-bottom: 20px !important;}\u00bb][\/vc_column][\/vc_row]<\/p>\n<\/section>","protected":false},"excerpt":{"rendered":"<p>[vc_row css_animation=\u00bb\u00bb row_type=\u00bbrow\u00bb use_row_as_full_screen_section=\u00bbno\u00bb type=\u00bbfull_width\u00bb angled_section=\u00bbno\u00bb text_align=\u00bbleft\u00bb background_image_as_pattern=\u00bbwithout_pattern\u00bb css=\u00bb.vc_custom_1562587534908{padding-top: 10px !important;padding-bottom: 30px !important;}\u00bb z_index=\u00bb\u00bb][vc_column][vc_column_text] MAQUETAS Y FIGURAS ARTESANALES [\/vc_column_text][vc_column_text el_class=\u00bb.textabout\u00bb] Avanzando para mejorar los servicios a nuestros Clientes, publicamos el estudio y trabajo realizado en estos tres videos de maquetas, entre otras realizadas para la&#8230;<\/p>\n","protected":false},"author":1,"featured_media":0,"parent":0,"menu_order":0,"comment_status":"closed","ping_status":"closed","template":"","meta":{"footnotes":""},"class_list":["post-677","page","type-page","status-publish","hentry"],"_links":{"self":[{"href":"https:\/\/brezopublicidad.com\/index.php\/wp-json\/wp\/v2\/pages\/677","targetHints":{"allow":["GET"]}}],"collection":[{"href":"https:\/\/brezopublicidad.com\/index.php\/wp-json\/wp\/v2\/pages"}],"about":[{"href":"https:\/\/brezopublicidad.com\/index.php\/wp-json\/wp\/v2\/types\/page"}],"author":[{"embeddable":true,"href":"https:\/\/brezopublicidad.com\/index.php\/wp-json\/wp\/v2\/users\/1"}],"replies":[{"embeddable":true,"href":"https:\/\/brezopublicidad.com\/index.php\/wp-json\/wp\/v2\/comments?post=677"}],"version-history":[{"count":4,"href":"https:\/\/brezopublicidad.com\/index.php\/wp-json\/wp\/v2\/pages\/677\/revisions"}],"predecessor-version":[{"id":679,"href":"https:\/\/brezopublicidad.com\/index.php\/wp-json\/wp\/v2\/pages\/677\/revisions\/679"}],"wp:attachment":[{"href":"https:\/\/brezopublicidad.com\/index.php\/wp-json\/wp\/v2\/media?parent=677"}],"curies":[{"name":"wp","href":"https:\/\/api.w.org\/{rel}","templated":true}]}}