{"id":403,"date":"2019-06-21T13:33:38","date_gmt":"2019-06-21T11:33:38","guid":{"rendered":"http:\/\/localhost\/Brezo\/?page_id=403"},"modified":"2019-07-28T15:44:44","modified_gmt":"2019-07-28T13:44:44","slug":"servicios-fotograficos","status":"publish","type":"page","link":"https:\/\/brezopublicidad.com\/index.php\/servicios-fotograficos\/","title":{"rendered":"SERVICIOS FOTOGR\u00c1FICOS"},"content":{"rendered":"<section class=\"wpb-content-wrapper\"><p>[vc_row css_animation=\u00bb\u00bb row_type=\u00bbrow\u00bb use_row_as_full_screen_section=\u00bbno\u00bb type=\u00bbfull_width\u00bb angled_section=\u00bbno\u00bb text_align=\u00bbleft\u00bb background_image_as_pattern=\u00bbwithout_pattern\u00bb css=\u00bb.vc_custom_1562587627481{padding-top: 10px !important;padding-bottom: 30px !important;}\u00bb z_index=\u00bb\u00bb][vc_column][vc_column_text css=\u00bb.vc_custom_1562587643371{padding-bottom: 10px !important;}\u00bb]<\/p>\n<h1 style=\"color: #016644; text-align: center;\">SERVICIOS FOTOGR\u00c1FICOS<\/h1>\n<p>[\/vc_column_text][vc_column_text el_class=\u00bb.textabout\u00bb]<\/p>\n<p style=\"font-weight: 400;\">Tenemos un servicio completo de fotograf\u00eda, tanto de cat\u00e1logo de tus productos, dise\u00f1ando tambi\u00e9n el cat\u00e1logo tanto si es para distribuidores como si es para el cliente final. Es importante que los productos se muestren con unas buenas fotograf\u00edas que transmitan calidad.<\/p>\n<p style=\"font-weight: 400;\">Tambi\u00e9n ofrecemos servicios fotogr\u00e1ficos de empresa o de eventos para subir a redes sociales, los clientes quieren saber c\u00f3mo funciona tu empresa, cuanto m\u00e1s cercanos y m\u00e1s part\u00edcipes hagas a tus clientes m\u00e1s involucrados estar\u00e1n con tu marca.<\/p>\n<p>[\/vc_column_text][\/vc_column][\/vc_row][vc_row css_animation=\u00bb\u00bb row_type=\u00bbrow\u00bb use_row_as_full_screen_section=\u00bbno\u00bb type=\u00bbfull_width\u00bb angled_section=\u00bbno\u00bb text_align=\u00bbleft\u00bb background_image_as_pattern=\u00bbwithout_pattern\u00bb][vc_column width=\u00bb1\/2&#8243;][vc_single_image image=\u00bb518&#8243; img_size=\u00bbfull\u00bb alignment=\u00bbcenter\u00bb qode_css_animation=\u00bb\u00bb][\/vc_column][vc_column width=\u00bb1\/2&#8243;][vc_single_image image=\u00bb602&#8243; img_size=\u00bbfull\u00bb qode_css_animation=\u00bb\u00bb][\/vc_column][\/vc_row][vc_row css_animation=\u00bb\u00bb row_type=\u00bbrow\u00bb use_row_as_full_screen_section=\u00bbno\u00bb type=\u00bbfull_width\u00bb angled_section=\u00bbno\u00bb text_align=\u00bbleft\u00bb background_image_as_pattern=\u00bbwithout_pattern\u00bb css=\u00bb.vc_custom_1564321483300{margin-top: 25px !important;border-bottom-width: 50px !important;}\u00bb z_index=\u00bb\u00bb][vc_column width=\u00bb1\/2&#8243;][vc_single_image image=\u00bb601&#8243; img_size=\u00bbfull\u00bb qode_css_animation=\u00bb\u00bb][\/vc_column][vc_column width=\u00bb1\/2&#8243;][vc_single_image image=\u00bb519&#8243; img_size=\u00bbfull\u00bb alignment=\u00bbcenter\u00bb qode_css_animation=\u00bb\u00bb css=\u00bb.vc_custom_1564321369341{margin-top: 20px !important;margin-bottom: 50px !important;}\u00bb][\/vc_column][\/vc_row]<\/p>\n<\/section>","protected":false},"excerpt":{"rendered":"<p>[vc_row css_animation=\u00bb\u00bb row_type=\u00bbrow\u00bb use_row_as_full_screen_section=\u00bbno\u00bb type=\u00bbfull_width\u00bb angled_section=\u00bbno\u00bb text_align=\u00bbleft\u00bb background_image_as_pattern=\u00bbwithout_pattern\u00bb css=\u00bb.vc_custom_1562587627481{padding-top: 10px !important;padding-bottom: 30px !important;}\u00bb z_index=\u00bb\u00bb][vc_column][vc_column_text css=\u00bb.vc_custom_1562587643371{padding-bottom: 10px !important;}\u00bb] SERVICIOS FOTOGR\u00c1FICOS [\/vc_column_text][vc_column_text el_class=\u00bb.textabout\u00bb] Tenemos un servicio completo de fotograf\u00eda, tanto de cat\u00e1logo de tus productos, dise\u00f1ando tambi\u00e9n el cat\u00e1logo tanto si es para distribuidores como si es&#8230;<\/p>\n","protected":false},"author":1,"featured_media":0,"parent":0,"menu_order":0,"comment_status":"closed","ping_status":"closed","template":"","meta":{"footnotes":""},"class_list":["post-403","page","type-page","status-publish","hentry"],"_links":{"self":[{"href":"https:\/\/brezopublicidad.com\/index.php\/wp-json\/wp\/v2\/pages\/403","targetHints":{"allow":["GET"]}}],"collection":[{"href":"https:\/\/brezopublicidad.com\/index.php\/wp-json\/wp\/v2\/pages"}],"about":[{"href":"https:\/\/brezopublicidad.com\/index.php\/wp-json\/wp\/v2\/types\/page"}],"author":[{"embeddable":true,"href":"https:\/\/brezopublicidad.com\/index.php\/wp-json\/wp\/v2\/users\/1"}],"replies":[{"embeddable":true,"href":"https:\/\/brezopublicidad.com\/index.php\/wp-json\/wp\/v2\/comments?post=403"}],"version-history":[{"count":8,"href":"https:\/\/brezopublicidad.com\/index.php\/wp-json\/wp\/v2\/pages\/403\/revisions"}],"predecessor-version":[{"id":606,"href":"https:\/\/brezopublicidad.com\/index.php\/wp-json\/wp\/v2\/pages\/403\/revisions\/606"}],"wp:attachment":[{"href":"https:\/\/brezopublicidad.com\/index.php\/wp-json\/wp\/v2\/media?parent=403"}],"curies":[{"name":"wp","href":"https:\/\/api.w.org\/{rel}","templated":true}]}}